0) + -2) - (-1 - 2)) + 9?
-64
Calculate 9 - (22 + 59 - 110).
38
Evaluate 6 + (-6 - -10) + 1 - (-602 + 637).
-24
Calculate 61 + ((29 - 110) + 74 - (-1 - 22)).
77
Calculate (-15 - (3 + -15)) + 8 + (8 - (-1 - -7)).
7
Evaluate (60 - 5) + -105 + (107 - 35).
22
-3212 + 3241 - (-3 - -116)
-84
Evaluate (13 - (27 + -3 + 24 + -16)) + -102.
-121
What is -32 + -5 + -32 - (33 + (-2 - 6))?
-94
Evaluate 14 - (-9 + (51 - (14 + -14 - -2))).
-26
What is the value of (68 - 101 - 90) + 34?
-89
What is the value of 32 - 51 - 112 - -65?
-66
-382 + 283 - ((-2 - 35) + -5)
-57
-3 + (16 - (-15 - -26 - 21) - (5 - -1))
17
Evaluate (6 + -3 + (-11 - (8 - 11)) - 3) + 63.
55
Calculate 23 - 1 - (-81 - 50 - -88).
65
What is the value of -20 + (2 - (-6 - -2)) + -3 + (-2373 - -2382)?
-8
Evaluate 0 + (7 - 32) + 33 - ((3 - 4) + -73).
82
What is (18 + -10 - -14) + -12 - 65?
-55
What is the value of -1 - 5 - (-26 + 92 - (6 - -1 - 6))?
-71
(3 + -10 - 3) + (-190 - -191) + -26
-35
What is (17 - -42) + -23 - (-6 - -3)?
39
What is the value of 41 + -8 + 41 + -40?
34
Calculate -9 + 1 + 29 + (15 - (4 - (9 + -22))).
19
Evaluate 3703 - 3705 - (0 + -3 + (-6 - 130) - -2).
135
What is -176 - (-118 - (-79 - -91))?
-46
Calculate -841 + 734 - ((3 - 0 - -2) + -12).
-100
-128 - (44 + -85) - -81
-6
Evaluate (5 - 2) + -17 + 228 + -168 + -3.
43
Evaluate 41 + 2 + -2 + -13 + 25 + (59 - 78).
34
Calculate 178 + -157 - (-4 - 1) - -5.
31
Evaluate 7222 + -7191 - (42 - 0).
-11
Calculate (158 - -2 - 23) + 54 + -91.
100
33 + (-155 - -116) - (1 - -10)
-17
What is the value of 59 - ((2 - 14) + 2 + (108 + -155 - -58))?
58
What is the value of -719 - -717 - (2 - 2 - 33) - 2?
29
Evaluate -1 - -4 - (211 + -295 + 186).
-99
(-21 - 13) + -8 - -29
-13
Calculate 97 - 0 - (-57 - (64 + -142)).
76
What is -82 - (-164 - -79) - (-2 - -3)?
2
(-23 - 2) + (-311 - -336)
0
Calculate 7 + -22 + -21 + 23 + 1 + 22.
10
Evaluate -2 + -2 + 0 + 7 + (-370 - -359) - 17.
-25
36 - (-39 - (-1 - 6) - -178)
-110
-2 - 33 - (3 + 0) - (26 + 29 + -63)
-30
What is the value of -15 + -1 + (282 - 296) + -3 + 9?
-24
What is (0 - 49 - -65) + (13 - 1)?
28
What is (-11 - (-24 + 8 - -9)) + -93 + -1 - 11?
-109
-36 - (-127 - -82 - -83)
-74
What is the value of -37 + 14 + (-2 - -58) + -16?
17
Calculate 1 + 1 + (-2 - 37 - -49) + -24.
-12
Evaluate -39 + (6 + -4 + -6 - -7) + 1.
-35
124 + -47 + 5 + 22 - -23
127
What is the value of 4 + -1 + 0 + (8 - -2 - -4) + -29?
-12
-170 + 189 + (4 - (7 - 2))
18
What is the value of 14 + -59 + (-12 - (13 + -29))?
-41
What is the value of (-4 - (-19 + 26) - -16) + (0 - -13)?
18
What is the value of (-24 - 15) + -8 + -4 + 182?
131
What is 92 + (105 - (74 - -60))?
63
Calculate 2 + -2 + -5 - (-2 + 17 + -19 - -16).
-17
Calculate (43 + 68 - 89) + 100.
122
Evaluate 151 - 50 - (44 + -36).
93
Evaluate (-14 + -2 - (-1045 + 1012)) + -34.
-17
-14 + (-6 + 6 - (-20 + 16 + 5))
-15
What is the value of (-45 - -17) + (-42 - (-48 - 20))?
-2
Calculate 16 - (29 + (29 + -36 - 119)).
113
-42 - (-7 + (9 - 14) - -8)
-38
Calculate 40 + 1 + -16 + -19 + 2.
8
Calculate (-5 - (4 - -14) - -10 - -39) + -9 + 0.
17
Evaluate -2 - 1 - (3427 - 3459).
29
Calculate 2527 - 2531 - (1 + 56) - 6.
-67
57 + (-105 - (17 + -23))
-42
(7 - 5) + -11 - (-132 - -115 - (6 + 0))
14
-24 - (-7 + 16 + -38)
5
What is -5 - (-8 - 1 - -14) - -69 - (6 - -4)?
49
What is (-2118 - -2034) + (3 - 6) + 27?
-60
Calculate 22 + (-5 - 15) + -14 - -23.
11
What is the value of -151 + -6 + 49 + 49?
-59
Evaluate -202 + 109 + 82 + 39.
28
Evaluate -12 - 26 - (-8 - 26).
-4
What is 10 + -18 - (8 + -10 + 8)?
-14
Calculate -53 + 1 - (66 + -17 + -68).
-33
Evaluate -15 - (-26 + 16) - 17.
-22
What is -70 + 2 + -5 + (-75 - (21 + -92))?
-77
Calculate -2 + (2 - -30) - (25 - (53 + -17 - 5)).
36
-22 - (-29 - (-4 + (7 - 16)))
-6
What is the value of 88 + 89 + -47 - 76?
54
What is the value of (23 - 186) + 57 - -52?
-54
-24 + (57 - (-19 + 89))
-37
Evaluate 55 + 18 + -43 - 45.
-15
What is -7 + 4 + (5 - -10) + -8 - (-1 - -2)?
3
-5 + 70 + (-9 + 11 - 4) + -13
50
Calculate 100 + -37 + -73 - (0 - -49).
-59
35 + (-15 - ((-20 - -30) + -35))
45
What is -13 + -3 + 16 + 0 - (-8 + -3)?
11
Calculate -5719 + 5739 - (2 + (1 - 0 - 0) - 1).
18
Evaluate -16 - (-27 + (-39 - -68)).
-18
What is the value of -1 - (94 + 1 - ((61 - 46) + -24))?
-105
Calculate 13 + (7 - (15 + -9)) + -7 + 2.
9
Evaluate 89 + -156 + 182 - 265.
-150
What is 9 - ((-15 - -1) + (-17 - 1 - (-80 + -13)))?
-52
Calculate -40 - (28 + (-11 - -7) + -15).
-49
What is -5 + (7 - -4) + -11 - (-129 + 102)?
22
Calculate (14 - 30 - -18) + -5 + 4 + 10 + -6.
5
Calculate 10 - (4 + (2 - 14) + 19 + -3).
2
Calculate 145 + -24 - (-307 + 514).
-86
Calculate (-98 - -40) + 72 - 49.
-35
Evaluate (-1 + -5 - -11 - 9) + (2 - -58 - -5).
61
-3 + (58 - 56) - 52
-53
What is the value of (17 - (23 - (-33 - -35))) + (-99 - (1 + 3))?
-107
-33 - -20 - -26 - ((4 - -53) + -1)
-43
10 + (84 - 17) + 1 + (3 - (-6 + 9))
78
What is the value of 11 - 131 - -52 - -125?
57
Evaluate -1 + 15 + -5 - 21 - -2.
-10
What is the value of (-2 - 37 - 0) + -13 + (8 - 31 - -36)?
-39
Evaluate -17 + 4 + 3 + 5 - -5 - -35.
35
Evaluate 49 + -10 + -6 - (5 - -23).
5
14 + (-4 - ((-7 - 2) + (19 - 123 - -15)))
108
(0 - -3 - 11 - (-29 - (-21 + 10))) + 11
21
Evaluate -42 + (-19 - -9 - (-4 - -18 - 25)).
-41
Evaluate 16 - (14 + 12 + -1 + -31).
22
What is the value of 3 - -1 - (-342 - -320) - 11?
15
0 + 19 + (-69 + 41 - -40)
31
Evaluate 18 - (-100 + (5 + 12 - 1) + 4).
98
What is the value of -74 + (35 - 22 - (-12 + 32))?
-81
What is the value of (-1 - (-6 - 9) - (19 + -3)) + 9 - 112?
-105
What is (11 - -20) + -54 + 48 + -21?
4
Calculate 25 + -2 + 2 - (-2904 - -2934).
-5
What is 362 + -372 - (0 - -22)?
-32
(150 + -130 - 45) + 135
110
Calculate 10303 + -10432 + 2 + 243.
116
What is 3 - 0 - (0 - 11 - ((43 - 51) + 4))?
10
-3 - -19 - (-33 - -43) - (2 + -10)
14
Calculate (-141 - -15) + 2 + 8 + 1 + -3 + -14.
-132
What is the value of (-5658 - -5620) + 1 + 33 - (0 + -2 - -6)?
-8
168 - (123 + 79 + -105)
71
Evaluate -101 + 61 + 84 - 71.
-27
What is the value of (-8348 - -8227) + 3 + 22 + 0?
-96
Evaluate 40 + -19 + (-10 - -11) + -6 + 13.
29
What is (2 - -29) + -22 + -6 + -4 + 35?
34
2 + -67 - ((109 - 66) + -59)
-49
What is -4 + 16 + 4 + 1390 + -1341?
65
What is the value of 19 + -2 + -24 + -21 + 1?
-27
15 - (-1 - 10 - (18 + -37) - -48)
-41
What is the value of 4 + (-336 - -341 - (-1 - -25))?
-15
-14 + (0 - 4) + 39 + -18 + (-1 - 57)
-55
1 - 1 - (2 - -1 - 9) - (3225 + -3219)
0
What is the value of 9 + -32 + 18 + -6 + 76 + -1 - -2?
66
-101 + (-53 - -133 - 26)
-47
-48 + (2 - -28 - 9)
-27
Calculate -9 + (-17 - (-17 - (-7 + -8))).
-24
What is the value of (54 - 85) + (-2 + -2 - -16) + 2?
-17
What is the value of -18 + -23 + 26 + -6 + -28?
-49
What is the value of (1 + 17 - 8) + (-5 - ((2 - 4) + 4))?
3
Calculate -1 + -7 + (46 - (1 + 5 + -21 + 1)).
52
What is -7 + -9 + (7 - (25 + -25))?
-9
Calculate -44 + 50 + -7 + -2 + (-15 - -3).
-15
What is (-8 + 133 - 176) + 8 + 1 + -3?
-45
Evaluate -1 - -48 - (-78 - -107) - -67.
85
Evaluate 7 + (6 - 30) + (-6 - -4 - -17).
-2
What is 6 + 68 + 4 + -3 + (-1 - 10)?
64
What is 6 - (-2 + 2) - (9 - (-34 - 32))?
-69
Evaluate (2 - -1) + (-3 - -76) + (210 - 228).
58
What is -5 + -4 + 8 - (-56 + 26 + 57)?
-28
What is 8 + (1 - (15 - -1)) + 16?
9
Calculate (-23 - -27) + -14 - -20 - 20.
-10
Calculate -14 + (-107 + 89 - -14 - (75 - 0 - -1)).
-94
What is the value of (76 - 51 - (18 - -3)) + -4?
0
7 + -2 - (30 + 4 + (6 - 3)) - -1
-31
Evaluate 57 + 2 + -3 + 68 + -67 + (-38 - -29).
48
What is -3 + 1 - (8 + (-5 - 4 - (-20 - -25)))?
4
What is the value of -48 + (-11 + 11 - (4 - -2)) + 13?
-41
Calculate (30 - 20) + -79 - (19 + 1).
-89
What is 77 - (10 - 3) - (3 + -1) - (-42 - -39)?
71
-14 + 7 + (3 - 5 - -72) - 15
48
What is the value of 13 - (-14 + 6 + -5 - (0 - 9))?
17
What is 6797 + -6780 + -2 + -52 + 1?
-36
Evaluate (8 - (0 - 0)) + (64 + 22 - 85).
9
Evaluate -42 + (-145 - -165 - (14 - -1)).
-37
Calculate 39 + (-106 - -50) - (-40 + 7 + -1).
17
6 - -64 - (6 + (-11 - (3 - (-8 + 8))))
78
What is the value of 44 - (-67 - -27) - 181?
-97
-6 - (12 - (-37 + 42) - (-2 + 5 + 1))
-9
-24 - (48 - 80) - 12
-4
Evaluate -8 + (0 - -25) + (47 - 20).
44
What is the value of 0 - (-18 + 15 + (-39 - -19))?
23
What is -12 - -1 - ((-28 - -36) + 10 + (-2 - 1